et k = -27 + 12. Let u = -11 - k. Let f be (u/(-2))/((-1)/20). Calculate the highest common divisor of 16 and f.
8
Let v = 190 - 112. What is the highest common divisor of v and 6?
6
Suppose -2*s = -3*h + 3, h - 4 = -4*h + 3*s. Let i(b) = -45*b**3 - 2*b**2 - b. Let w be i(h). What is the highest common factor of w and 11?
11
Let l = -4 - -15. Let a(i) = i - 10. Let v be a(l). What is the greatest common divisor of v and 8?
1
Let d = 81 + -17. Calculate the highest common factor of d and 32.
32
Suppose y - 3*y + 45 = 3*s, 68 = 5*s + y. Let k = 27 - s. Calculate the highest common divisor of k and 98.
14
Suppose -65 = -5*s - 3*n, -5*s + 2*n + 56 = -34. Calculate the greatest common factor of 48 and s.
16
Let m(l) = -l + 11. Let x be m(0). Calculate the highest common divisor of x and 22.
11
Suppose -3*j + 0 = -9. Suppose 0 = -q + j*q - 8. What is the greatest common factor of q and 4?
4
Let m(b) = -b + 11. Let h be m(7). Suppose 166 = -2*l + h*c, c - 5*c = -5*l - 397. Let r = -53 - l. What is the greatest common factor of 6 and r?
6
Suppose 4*b = 12, -4*s + 2 + 11 = -b. Let u(q) = -1 - 4 + 3 + q. Let y be u(s). What is the greatest common factor of y and 18?
2
Suppose 2*r + 3*r = 225. Let p be r - (3 + (-18)/3). Calculate the greatest common factor of p and 6.
6
Let w = 24 - 19. Calculate the greatest common divisor of w and 20.
5
Suppose 2*b = 17 + 11. Calculate the highest common factor of b and 28.
14
Suppose g = -3*g + 2*c + 30, 5*g - 37 = 2*c. Calculate the highest common divisor of g and 35.
7
Suppose -5*l + 20 = -l. Suppose 5*h = -2*z - 1 - 7, 0 = -l*z + 2*h + 9. Suppose z = -c + 7. Calculate the greatest common divisor of 6 and c.
6
Suppose 2*b - 4 = 2. What is the highest common divisor of b and 9?
3
Let p = -62 + 71. What is the highest common factor of 36 and p?
9
Let j(c) = -c**3 + 5*c**2 + 6*c + 2. Let u be j(6). What is the greatest common divisor of u and 14?
2
Suppose 17*b - 19*b = -140. What is the greatest common factor of b and 14?
14
Let p = 16 + -7. Let o be (-1)/(8/p - 1). Calculate the greatest common divisor of o and 9.
9
Let u be 26/10 + (-2)/(-5). Let x = u - 3. Suppose -3*f + 30 = -x*f. Calculate the greatest common factor of f and 15.
5
Let z = -86 - -92. Let k = -51 + 75. Calculate the highest common divisor of k and z.
6
Suppose 0 = -3*z - 2*h + 42, 5*h = 3*z - 7 - 14. Calculate the highest common factor of z and 6.
6
Suppose 0 = 4*x + 4*i + 2 + 6, -3*x + 3*i + 6 = 0. Let h be x/7 - -17*1. What is the greatest common divisor of 153 and h?
17
Let x be (-1 + 7)*88/6. What is the greatest common divisor of 11 and x?
11
Let j be (0 - (-1)/(-3))*-3. Let a be (j + 2/2)*4. What is the greatest common divisor of 1 and a?
1
Let o be (1 + 2/(-4))*-4. Let q be -1 + o + (25 - -2). What is the greatest common divisor of 72 and q?
24
Suppose -4*n = n - 225. Calculate the highest common divisor of n and 30.
15
Suppose -132 = 8*u - 20*u. What is the greatest common divisor of 88 and u?
11
Let z = 1 - 1. Let r(b) = -6*b - 37. Let d(i) = -5*i - 36. Let p(k) = -5*d(k) + 4*r(k). Let h be p(z). Calculate the greatest common divisor of h and 4.
4
Suppose -z - 5*d = -10, d = -z + 39 - 17. Calculate the greatest common factor of z and 10.
5
Let d(b) = -4*b + 0*b + 2*b + 1. Let s be d(-2). Suppose -47 = -s*r + 133. What is the highest common divisor of r and 24?
12
Suppose 43 = m + 16. Calculate the greatest common factor of m and 3.
3
Let c be 166/3 + 4/6. Calculate the greatest common factor of c and 84.
28
Let d(i) = i**3 - 6*i**2 + 5*i + 5. Let q be d(5). What is the greatest common divisor of q and 35?
5
Suppose 133 = 2*z + z - 5*f, 3*z - 118 = 2*f. What is the greatest common factor of z and 90?
18
Suppose 0 = 2*m - 68 - 32. Calculate the highest common factor of 125 and m.
25
Suppose -4*z - 57 = -181. Calculate the greatest common divisor of 248 and z.
31
Suppose 476 - 3284 = -18*m. Calculate the greatest common factor of m and 12.
12
Let i be (-790)/(-3) - 10/(-15). What is the highest common factor of i and 24?
24
Let a be 6/9*6/(-4). Let i be 37/4 + a/4. What is the greatest common divisor of 72 and i?
9
Let z = 82 - 46. What is the greatest common factor of z and 12?
12
Let a(d) = 2*d - 17. Let p be a(21). What is the greatest common divisor of 10 and p?
5
Let m = 3 + 47. Suppose h + 13 = -0*b + 5*b, m = 5*h - 2*b. What is the highest common factor of 30 and h?
6
Let b = 152 - 136. What is the greatest common factor of b and 32?
16
Let m(t) = t**2 - 3*t - 5. Let c be m(5). Suppose 8*j - c*j + 2 = -2*l, 5*j + 2 = -2*l. Suppose -y = -j*y - 70. What is the greatest common divisor of y and 7?
7
Suppose -1291 + 61 = -10*z. Calculate the greatest common factor of z and 41.
41
Let r = 148 - 76. Calculate the highest common divisor of 18 and r.
18
Suppose -2*m - 5*p = 11, -1 = -5*m - 4*p - 3. What is the greatest common divisor of m and 10?
2
Suppose 1 = f - 7. What is the greatest common factor of 8 and f?
8
Suppose 0 = 7*r - 11*r + 324. Let g(t) = -t**2 + 27. Let y be g(0). What is the highest common divisor of y and r?
27
Suppose 5*h = -4*c + 2*c + 29, -3*h + 9 = -3*c. Suppose 3*z - 1 - c = 0. Let y be z/(-2) - 54/(-4). Calculate the highest common divisor of 26 and y.
13
Let b(x) = -x**2 + 2*x + 3. Let s = -2 - -5. Let f be b(s). Suppose -2*z + f*z + 80 = 0. What is the highest common divisor of z and 8?
8
Let x(a) = a**2 - 9*a + 2. Let v be x(10). Suppose 7*j - v*j = -65. Calculate the highest common divisor of 104 and j.
13
Let v be (-1)/((-1)/2) - 1. Let c = 10 + v. Let w = 5 + c. What is the highest common factor of w and 176?
16
Suppose -4*r = 12, 0 = -5*a - 0*r + 2*r - 4. Let b be (a*(-33)/6)/1. Calculate the highest common factor of b and 1.
1
Let z(k) = 11*k - 3. Let l be z(2). Let t = l + 5. What is the greatest common divisor of 60 and t?
12
Let d(v) = v**3 + 1. Let r be d(1). Let k = -1 + r. Let j = 499 + -495. What is the highest common factor of j and k?
1
Suppose -5*m + 4*t + 104 = 2*t, 0 = -5*t - 10. Suppose -3*x + m = -2*x. Calculate the highest common divisor of x and 8.
4
Suppose 5*a = -2*o + 4*o + 333, 3*o = -4*a + 271. Suppose 5*u + 3 = m - 2, 5*m - 4*u - a = 0. Calculate the greatest common divisor of m and 15.
15
Let j = 148 + 12. What is the greatest common factor of j and 64?
32
Suppose -2*y + 5*y - 46 = -5*d, 4*y - 4*d = 8. Calculate the highest common factor of y and 1.
1
Let o = 7 + 3. Calculate the highest common factor of 10 and o.
10
Let f(a) = 6*a - 18. Let r be f(8). What is the greatest common divisor of r and 50?
10
Suppose -3*b + 6*d = d - 18, 5*d = 15. Calculate the highest common divisor of b and 33.
11
Suppose 5*j - 38 = -4*i, -2*i - 20 = -4*j - 0*i. What is the greatest common factor of j and 3?
3
Suppose -11*b + 9*b = -20. Let v be (-2)/(-3) - (-76)/3. Let k be v - (1 - (1 + -1)). Calculate the greatest common divisor of k and b.
5
Let o(w) = 79*w - 4. Let i be o(1). Calculate the greatest common divisor of i and 25.
25
Let i = -152 - -172. Suppose -2*m + 7*m = -2*y + 108, 0 = -m - 2*y + 28. What is the highest common divisor of m and i?
20
Let g(w) = -w**3 - w. Let x(d) = 10*d**3 - 2*d**2 + 3*d. Let y(k) = 5*g(k) + x(k). Let s be y(2). Calculate the highest common divisor of 28 and s.
28
Let d = -21 - -29. Suppose 0*g - 85 = -5*g - 5*v, 4*v = -g + 2. Suppose -3*i + 2 = -g. What is the greatest common divisor of i and d?
8
Let s = 18 - 11. Let v(m) = 2*m**2 - 2*m - 5. Let w be v(-4). What is the highest common factor of w and s?
7
Let c = 8 - -4. Calculate the greatest common factor of c and 36.
12
Suppose -3*a + 5 + 10 = 4*x, -x - 15 = -3*a. Let d = 15 + -13. Let n be d + x - 3*-2. Calculate the greatest common factor of 2 and n.
2
Let y be (30/2)/(3/36*3). Calculate the highest common factor of 60 and y.
60
Let q(k) = -k + 4. Let c be q(8). Let w be (-1*8 - -2)*c. Suppose 2*u - 4*x = 28, u + 4*x + 5 = 1. What is the highest common divisor of u and w?
8
Suppose -124 = -4*i - 48. Calculate the highest common factor of i and 95.
19
Suppose -2*u + 45 = -u. Let x = -161 - -179. Calculate the greatest common factor of x and u.
9
Let f = 26 - 16. Let a be 1/((-1)/(-17)) - 2. What is the greatest common factor of a and f?
5
Suppose -4*g = u + 16, 2*u - 5*g + 10*g = -17. Suppose -c + 117 = -4*c. 